 d(s) = -s - 61. Calculate d(-20).
-41
Let l(z) = 257*z - 11048. What is l(43)?
3
Let q(o) = -71*o - 16. Calculate q(1).
-87
Let b(g) = 308*g - 3412. Determine b(11).
-24
Let o(t) = 135*t + 651. Calculate o(-5).
-24
Let u(c) = -463*c + 33330. What is u(72)?
-6
Let o(c) = 9*c + 113. Determine o(-30).
-157
Let s(l) = -174*l + 354. What is s(2)?
6
Let z(q) = -q**2 - 70*q + 1292. Determine z(-85).
17
Let s(k) = k**3 - 18*k**2 + 19*k - 42. Determine s(17).
-8
Let x(c) = c**3 - 12*c**2 + 18*c + 59. What is x(11)?
136
Let r(u) = 169*u - 1111. Calculate r(8).
241
Let w(g) = 76*g - 6708. Give w(88).
-20
Let a(b) = -3*b**2 - 48*b - 14. What is a(0)?
-14
Let l(v) = -96*v + 497. What is l(7)?
-175
Let p(i) = -244*i - 5210. Give p(-21).
-86
Let t(i) = 2*i**3 - 56*i**2 - 259*i + 24. Determine t(32).
-72
Let q(v) = -2*v**2 + 20*v - 20. What is q(5)?
30
Let f(o) = -9*o**2 + 10*o + 26. Calculate f(-2).
-30
Let w(i) = i**2 - 95*i + 1447. Calculate w(15).
247
Let i(z) = -z**3 + 8*z**2 + 26*z - 131. Determine i(4).
37
Let m(i) = 4*i**2 - 82*i - 1132. Give m(30).
8
Let z(c) = -c**3 - 47*c**2 + 28*c - 956. Calculate z(-48).
4
Let b(v) = -2*v**2 - 86*v - 657. Calculate b(-33).
3
Let j(m) = -3*m**2 + 52*m - 202. Give j(11).
7
Let v(u) = -3*u**2 - 12*u + 60. Give v(-8).
-36
Let v(y) = 4*y**3 - 950*y**2 + 470*y + 983. What is v(237)?
35
Let j(q) = -8*q**2 - 125*q + 33. What is j(-16)?
-15
Let l(s) = -s**3 - 9*s**2 + 9*s + 14. Determine l(-6).
-148
Let j(b) = -247*b + 9860. Calculate j(40).
-20
Let b(o) = -5*o**2 - 184*o + 61. Give b(-37).
24
Let g(x) = 26*x + 603. Determine g(-23).
5
Let o(k) = 17*k - 80. Determine o(9).
73
Let f(g) = 2*g**2 + 24*g + 45. What is f(-10)?
5
Let h(n) = -4*n**2 - 57*n - 94. Give h(-13).
-29
Let l(u) = -430*u + 3864. Determine l(9).
-6
Let a(l) = -11*l**2 - 395*l - 1376. Calculate a(-32).
0
Let d(n) = 90*n - 1174. Give d(15).
176
Let w(n) = 3*n**2 - 15*n + 2. Give w(5).
2
Let j(c) = 19*c**2 - 85*c - 3. Give j(4).
-39
Let i(n) = -99*n - 1884. Calculate i(-19).
-3
Let m(l) = 2*l**3 + 25*l**2 + 63*l + 606. Determine m(-12).
-6
Let m(q) = -6*q**2 - 15*q + 10. What is m(-6)?
-116
Let n(m) = -70*m - 145. Determine n(-2).
-5
Let g(c) = 12*c + 51. Give g(-2).
27
Let o(v) = -v**3 - 38*v**2 - 216*v + 45. Calculate o(-31).
14
Let p(x) = x**3 - 3*x**2 + 35*x - 295. What is p(6)?
23
Let n(t) = 1708*t + 15372. Calculate n(-9).
0
Let l(t) = t**3 + 6*t**2 - 27*t + 1. Calculate l(-9).
1
Let y(q) = -3*q**3 + q**2 + 81*q - 18. Calculate y(-5).
-23
Let j(c) = -c**3 - 20*c**2 - 76*c - 21. Calculate j(-15).
-6
Let y(l) = -89*l + 435. What is y(5)?
-10
Let z(v) = 96*v - 729. What is z(7)?
-57
Let q(u) = 3*u**2 + 118*u + 238. Give q(-2).
14
Let b(w) = -w**2 - 17*w + 58. What is b(3)?
-2
Let p(c) = 15*c**2 + 874*c + 89. Calculate p(-58).
-143
Let b(o) = -o**3 + 8*o**2 - 6*o - 9. Give b(6).
27
Let y(z) = 12*z + 756. Give y(-52).
132
Let z(n) = -n**3 + n**2 + 19*n + 37. What is z(-2)?
11
Let i(s) = 2*s**3 - 5*s**2 - 339*s + 1335. Determine i(4).
27
Let g(w) = -24*w - 480. What is g(-20)?
0
Let k(p) = 3*p**3 + 60*p**2 + 186*p - 94. Give k(-16).
2
Let l(d) = -42668*d - 42670. Give l(-1).
-2
Let j(y) = -38*y**2 - y - 25. Calculate j(-4).
-629
Let h(n) = n**3 - 32*n**2 + 36*n + 40. Calculate h(31).
195
Let d(p) = -p**3 - 2*p**2 - 3*p - 6. What is d(-3)?
12
Let y(f) = f**2 - 20*f - 5. Determine y(20).
-5
Let w(a) = -a**3 + 13*a**2 - 42*a + 61. Calculate w(9).
7
Let b(x) = -x**3 + 9*x**2 - 47. Give b(9).
-47
Let r(s) = -s**3 + 15*s**2 - 51*s - 31. Give r(8).
9
Let s(t) = 590*t + 13484. Determine s(-23).
-86
Let g(o) = -20*o + 236. What is g(13)?
-24
Let j(l) = -94*l + 3731. What is j(40)?
-29
Let a(s) = -s**3 + 2*s**2 + 66*s - 37. Calculate a(-7).
-58
Let i(a) = -590*a - 92. Determine i(0).
-92
Let k(u) = -30*u - 1551. Calculate k(-53).
39
Let a(l) = l**3 - 55*l**2 + 114*l - 394. Give a(53).
30
Let i(c) = c**3 - 179*c**2 + 869*c + 189. Give i(174).
15
Let r(a) = -360*a - 25209. Calculate r(-70).
-9
Let b(y) = y**3 + 21*y**2 + 18*y + 17. Calculate b(-20).
57
Let t(d) = -d**3 - 36*d**2 - 93*d - 856. Calculate t(-34).
-6
Let h(q) = q**2 - 51*q + 288. Give h(45).
18
Let x(y) = 352*y**2 + 354*y + 5. Give x(-1).
3
Let t(i) = -i**3 + 4*i + 4. Give t(-4).
52
Let z(l) = 13*l**3 + 22*l**2 + l - 9. Determine z(2).
185
Let x(h) = -3*h - 396. Calculate x(-57).
-225
Let q(t) = t**3 + 87*t**2 + 322*t - 833. Give q(-83).
-3
Let y(a) = 275*a - 1901. Give y(8).
299
Let l(h) = h**2 - 383*h - 1168. Give l(-3).
-10
Let b(n) = -24*n - 25. Determine b(-8).
167
Let y(a) = -a**3 - 21*a**2 - 13*a - 281. Give y(-21).
-8
Let o(r) = -352*r + 2111. Determine o(6).
-1
Let h(a) = a**2 - 276*a + 18717. Calculate h(120).
-3
Let a(y) = -675*y + 4746. Calculate a(7).
21
Let d(u) = -38*u + 193. Give d(7).
-73
Let y(x) = -77*x**2 + 4*x + 4. Determine y(-1).
-77
Let v(x) = 154*x + 2137. What is v(-14)?
-19
Let p(c) = -c**3 + 16*c**2 - 6*c - 4. Determine p(16).
-100
Let g(y) = y**2 - 23*y - 124. Give g(28).
16
Let i(h) = -526*h - 3160. Give i(-6).
-4
Let r(b) = -b**3 + 5*b**2 + 16*b - 11. Calculate r(7).
3
Let o(c) = c**3 + 13*c**2 + 15*c - 41. Give o(-13).
-236
Let s(x) = 68*x + 69. Give s(-2).
-67
Let n(g) = 3*g**3 - 45*g**2 - 6*g + 667. Give n(14).
-5
Let w(a) = -54*a - 2584. What is w(-48)?
8
Let q(v) = -59*v - 4034. What is q(-68)?
-22
Let f(p) = -12*p**2 - 43*p - 4. Calculate f(-5).
-89
Let q(h) = h**2 - 5*h - 4. What is q(4)?
-8
Let i(o) = -2*o**3 - 66*o**2 + 216*o + 45. Calculate i(-36).
45
Let o(n) = n**3 - 23*n**2 - 28*n + 83. What is o(24)?
-13
Let p(i) = i**2 - 116*i + 1584. What is p(16)?
-16
Let f(q) = q**3 - 28*q**2 - 70*q + 70. Calculate f(30).
-230
Let q(r) = -r**2 + 73*r - 1323. What is q(40)?
-3
Let j(y) = -y**3 + 22*y**2 - 26*y + 71. Give j(21).
-34
Let l(y) = -y**3 + y**2 + 295*y + 63. Determine l(0).
63
Let o(l) = -7*l**2 - 266*l + 4. Determine o(-38).
4
Let z(h) = -h**2 - 67*h + 2738. Calculate z(-96).
-46
Let v(q) = -8*q**3 + 49*q**2 + 200*q + 40. Give v(9).
-23
Let z(x) = 219*x**2 + 1088*x - 39. What is z(-5)?
-4
Let l(h) = 4*h**3 - 44*h**2 + 6*h - 82. Give l(11).
-16
Let v(h) = 2*h**3 - 31*h**2 + 99*h - 11. Determine v(11).
-11
Let w(k) = 265*k - 1536. Determine w(6).
54
Let z(k) = 5*k**2 + 64*k + 214. Determine z(-6).
10
Let q(f) = f**3 - 22*f**2 - 614*f - 82. Determine q(-16).
14
Let i(k) = -28*k + 14. Give i(3).
-70
Let y(u) = 2*u**2 + 147*u + 831. What is y(-6)?
21
Let s(w) = 2*w**3 + 16*w**2 - 26*w - 15. Determine s(-9).
57
Let b(o) = -o**2 - 6*o + 735. Give b(-33).
-156
Let d(c) = c**3 + c**2 + 4*c - 5. Calculate d(2).
15
Let t(i) = -4*i**3 + 136*i**2 - 285*i + 13. Calculate t(2).
-45
Let w(y) = -3*y**3 - 8*y**2 + 24*y - 7. Give w(2).
-15
Let m(o) = 199*o - 1386. Calculate m(7).
7
Let y(g) = -26*g**3 + 153*g**2 + g + 1. Calculate y(6).
-101
Let l(a) = 23*a - 352. Calculate l(12).
-76
Let n(s) = 8859*s + 35424. Determine n(-4).
-12
Let g(x) = -x**3 + 47*x + 37. What is g(-6)?
-29
Let z(s) = -153*s + 704. Give z(6).
-214
Let u(n) = 26*n**2 - 5*n + 5. Determine u(2).
99
Let f(z) = 43*z + 334. What is f(-7)?
33
Let l(t) = 6*t**2 + 6*t + 9. Give l(-1).
9
Let h(b) = -b**3 - 6*b**2 - 38*b - 121. What is h(-6)?
107
Let a(b) = -b**2 - 108*b + 686. Give a(6).
2
Let b(y) = 11*y - 4. Give b(1).
7
Let d(u) = -13*u**2 + 1111*u + 3324. What is d(-3)?
-126
Let g(n) = 5*n**2 + 255*n + 32. Calculate g(-51).
32
Let h(n) = -19*n - 958. Give h(-55).
87
Let y(l) = l**3 + 11*l**2 - 7*l + 8. Give y(-11).
85
Let l(p) = -3*p**3 - 12*p**2 - 8*p + 11. Give l(-4).
43
Let k(a) = -57*a - 1290. Give k(-20).
-150
Let g(d) = 40*d**2 + 12*d + 17. Give g(-2).
153
Let q(f) = 117*f**2 - 470*f + 7. Calculate q(4).
-1
Let f(l) = -151*l - 614. What is f(-4)?
-10
Let o(x) = -4*x**2 - 55*x + 21. Calculate o(-14).
7
Let g(n) = -63*n**2 + 881*n + 21. Give g(14).
7
Let y(z) = 80*z + 2163. Determine y(-27).
3
Let l(o) = -12*o**2 - 2*o + 7. Give l(4).
-193
Let v(h) = 5*h**2 + 64*h - 14. Calculate v(-13).
-1
Let i(f) = -3*f**3 + 54*f**2 + f + 16. What is i(18)?
34
Let n(s) = 8*s**3 + 3*s**2 - 133*s - 134. Calculate n(-1).
-6
Let t(x) = 11*x**2 + 28*x + 56. Determine t(-3).
71
Let r(z) = 405*z + 8922. What is r(-22)?
12
Let s(i) = -56*i - 2644. Determine s(-50).
156
Let p(c) = -4*c**2 - 499*c - 618. What is p(-124)?
-246
Let